et n(c) = 2*c - 7. Let z be n(6). Suppose -v - 72 = -z*v. Let w(j) = -j**3 + 18*j**2 + j + 32. Let q be w(v). What is the greatest common factor of 5 and q?
5
Suppose -26665 = -95*g - 8615. Calculate the highest common divisor of 646 and g.
38
Let t be 0 + (-1)/((-33)/78105) - (-2)/11. Calculate the greatest common factor of 27 and t.
9
Suppose -42*d + 1635 = -1289 + 740. What is the highest common divisor of d and 3744?
52
Let b(r) = 718*r - 158. Let l be b(5). Suppose -44*g = -38*g - l. What is the highest common factor of 26 and g?
26
Let l(g) = g**3 - g + 96. Let k be l(0). Suppose 3*m - 1361 = -305. Suppose -2*x + m = 20*x. Calculate the highest common factor of x and k.
16
Let a be 5992 - (36/(-126) + 48/(-28)). Calculate the greatest common factor of 108 and a.
54
Let x be (-2 - -6)*3/(-12). Let a be (-7)/4 - (-1)/(-4). Let f be (x - a) + 2 - 936/(-12). Calculate the greatest common divisor of 9 and f.
9
Suppose -23*r + 48 = -22*r. Calculate the highest common divisor of 42 and r.
6
Suppose -100*p = 447 - 1447. What is the highest common divisor of 3 and p?
1
Suppose 0 = 15*u - 251 - 259. Calculate the highest common factor of u and 8194.
34
Let g(r) = -27505*r - 247479. Let z be g(-9). Let b = -4 + 10. Calculate the greatest common divisor of z and b.
6
Let f = -503 - -506. Suppose -5*t + f*h = -593, 4*t = h - 23 + 503. Let o be ((-11)/(-4))/(2/8). Calculate the greatest common factor of o and t.
11
Let o = 26 - 12. Suppose 69*x - 76*x = -84. Suppose 10*d = x*d - 28. Calculate the greatest common factor of o and d.
14
Suppose o - 6 = -4*q, 0 = o + 3*o + 5*q - 13. Suppose o*c + 33 + 19 = -3*s, -37 = 2*s - c. Let w = -16 - s. Calculate the highest common factor of 3 and w.
1
Let v = -343 + 345. Suppose -3888 = -11*n + v*n. What is the greatest common factor of 96 and n?
48
Let z(m) = 136*m + 6. Let l be z(2). Suppose -5*a + l = -387. Suppose -9*o + 38 = -7*o. Calculate the highest common factor of a and o.
19
Suppose 46*g = 4*g + 1090 + 31502. What is the highest common divisor of g and 64?
8
Let u be 434/93 + (-150787)/(-39). What is the highest common factor of 196 and u?
49
Let p(r) = -19*r**2 - 3*r - 37. Let l(c) = 6*c**2 + c + 12. Let q(g) = -8*l(g) - 3*p(g). Let b be q(-3). What is the greatest common factor of b and 6?
3
Suppose 36*t - 31*t = a - 1545, 3*a - 4649 = t. Calculate the greatest common divisor of a and 150.
50
Let l(f) = -37*f**2 - 452*f. Let n be l(-12). Calculate the greatest common factor of 264 and n.
24
Let s be (-14259)/3255*-365 + 4/62. What is the greatest common factor of 52 and s?
13
Suppose -t + z + 15 = 0, -2*t - 2*z + 54 = 3*t. Let r be 6/(-18)*(-10 + 1). Suppose -r*s + 7*s - 336 = 0. What is the highest common factor of s and t?
12
Suppose -z + 2*x + 73 = 4*z, -5*z - x + 61 = 0. Let g(j) = 24*j**2 + 16*j - 45. Let u be g(4). Calculate the greatest common factor of z and u.
13
Let q = -23 - -664. Suppose -5*u + 4*s = -q, -4*u - 5*s + 508 = -7*s. Calculate the highest common divisor of 50 and u.
25
Let f = -3124 + 3311. Calculate the highest common factor of 1547 and f.
17
Let t = 24 - 36. Let k = 3 - t. Suppose a + 5*y - 55 = 0, -2*a + 7 = -3*y - 155. Calculate the greatest common factor of k and a.
15
Suppose -90*v + 5*i + 7010 = -85*v, -5584 = -4*v + i. Calculate the highest common factor of 272 and v.
34
Suppose 12*o + 58 - 10 = 0. Let w(t) = -180*t - 56. Let l be w(o). Calculate the greatest common divisor of 8 and l.
8
Let g(v) = -361*v - 2091. Let w be g(-6). What is the highest common factor of w and 5825?
25
Suppose 0 = -14*k + 16*k - 4. Suppose k*q - 94 = 196. Let y = q - 130. Calculate the highest common divisor of 9 and y.
3
Suppose -3*u = -5*h - 47 + 248, 3*u - 150 = -4*h. Calculate the greatest common divisor of h and 9516.
39
Let d = -4931 + 10137. What is the greatest common factor of 76 and d?
38
Let x be (160/12)/(-4)*470448/(-96). What is the highest common divisor of x and 135?
135
Let p be 0/((-12)/18*6). Suppose p = -15*q + 15 + 285. What is the highest common divisor of q and 20?
20
Suppose -2340 = -210*o + 93*o. What is the highest common divisor of 1720 and o?
20
Suppose 0 = -6*x + 22 - 46. Let g be 5310/21 - (x/14)/2. What is the highest common divisor of g and 23?
23
Suppose -1 + 5 = w. Suppose -k - 760 = w*k. Let z = 2 - k. Calculate the greatest common divisor of z and 14.
14
Let h be (-1 + 125)/4 + 2. Let w = h + -35. Let k be (-78)/(-16)*w*-8. Calculate the greatest common divisor of k and 195.
39
Suppose -144*u + 73*u + 2220 = -56*u. Calculate the greatest common factor of 1554 and u.
74
Suppose -5*n - 2*c + 2631 = 0, n - 508 = -85*c + 82*c. What is the greatest common divisor of 230 and n?
23
Let p(l) = 3*l + 4. Let j be p(4). Let w be 4/(j/28)*1. Let m(r) = r**2 - 6*r + 13. Let q be m(w). Calculate the greatest common divisor of q and 220.
20
Suppose -8431 = -32*c + 1041. What is the greatest common factor of 370 and c?
74
Let t(r) = 2*r**2 + 6*r + 1. Let x be t(-5). Let a = -78 + x. Let m = 85 + a. What is the greatest common divisor of m and 4?
4
Suppose -2*r = r - 18. Suppose 4*o - 354 = r. Let v(l) = 9*l**2 + 15263*l + 30526. Let q be v(-2). Calculate the highest common divisor of o and q.
18
Suppose -990 = -110*c - 18*c + 18*c. What is the greatest common divisor of c and 4383?
9
Suppose 5*n = 5*b - 5, n + 6 = 4*n. Suppose -28*l = -3*l - 1825. Suppose 66 = 4*r + 3*q, b*r + 2*r - l = q. Calculate the greatest common divisor of r and 135.
15
Let b(q) = 0*q**2 + 5*q**2 - 6*q**2 - 34 - 4 + 17*q. Let y be b(14). Calculate the greatest common divisor of y and 10.
2
Suppose -2*t = -1203 - 2781. What is the highest common divisor of t and 72?
24
Suppose -9 = 5*z + 16. Let r be ((z/3)/(-5))/((-5)/(-30)). Suppose -r*w - c + 853 = 230, -4*w + 3*c = -1251. Calculate the greatest common factor of w and 39.
39
Let v = -205 + 179. Let f be 14/((-2548)/(-7434)) - 4/v. What is the highest common factor of 451 and f?
41
Suppose 20*n + 257 - 77 = 0. Let k(d) = d**2 + d - 63. Let t be k(n). Calculate the highest common divisor of 45 and t.
9
Let z be (369/21)/(246/287)*12. Calculate the highest common divisor of z and 66.
6
Let d be 10*(-6)/12 + 74. Suppose -5*g + 416 + d = b, 3*b - 1423 = g. What is the highest common factor of 19 and b?
19
Suppose 124*m - 103*m + 204 = 89*m. What is the greatest common factor of m and 43?
1
Suppose 4*u - 174 = -150. Suppose 0 = -6*x + 142 + 110. Calculate the highest common divisor of x and u.
6
Let m(i) = -i**2 - 17*i - 5. Let b be m(-17). Let f be b/(-10)*-2 - 1 - -11. What is the greatest common factor of 18 and f?
9
Let l = 11521 - 10835. What is the greatest common factor of l and 182?
14
Suppose 0*m = -m. Let c(i) = i**3 - i**2 - i + 14. Let b be c(m). Suppose 0 = 43*d - 84*d + 40*d + 126. What is the highest common factor of d and b?
14
Suppose -282 = -r - 5*r. Suppose 0*n + 664 = 2*q - 3*n, -3*n - 6 = 0. What is the greatest common divisor of q and r?
47
Suppose 5*j - 2*o + 0 - 6 = 0, 5*o = -2*j + 14. Suppose 219*t - j = 218*t. What is the highest common factor of t and 2?
2
Suppose -5*y + 2*y + 492 = 0. Let x = -368 - -353. Let u be 3/x*-5*(54 + -13). Calculate the greatest common divisor of y and u.
41
Let b = -62 + -21. Let f = b - -24. Let l = 124 + f. What is the highest common divisor of 13 and l?
13
Let z be (3 - 3)/3 - 9*8. Let a = 76 + z. Suppose 5*f - 2*f = 2*d + 347, -f = a*d - 125. Calculate the greatest common factor of f and 13.
13
Suppose -6*h = -j - 7*h + 83, -4*j = -4*h - 340. Calculate the greatest common divisor of j and 1056.
12
Let k(z) = -z**3 - 7*z**2 - 11*z - 15. Let c be k(-7). Let r = c - 65. Let y be 4/(-10)*(-267 + r). What is the greatest common factor of y and 12?
12
Suppose -17*r + 12*r = -600. Let u = -1242 + 1258. What is the highest common divisor of r and u?
8
Let y(u) = -u**3 + 4*u**2 + 170*u + 12. Let g be y(15). Calculate the greatest common divisor of 8439 and g.
87
Let c = 1667 + -1619. What is the greatest common factor of 348 and c?
12
Let s(v) = v**2 - 16*v + 116. Let a be s(6). Suppose 0 = -10*n + 4 + a. What is the highest common factor of 3 and n?
3
Suppose 12 = -4*z + 5*z. Suppose -379*c + 378*c = -117. Suppose c*k = 3*q + 122*k - 273, 2*q - 198 = 2*k. Calculate the highest common factor of z a